{"id":117,"date":"2019-08-05T17:53:32","date_gmt":"2019-08-05T17:53:32","guid":{"rendered":"http:\/\/payasosdeguatemala.com\/tienda\/?page_id=117"},"modified":"2026-04-24T14:09:00","modified_gmt":"2026-04-24T20:09:00","slug":"fd","status":"publish","type":"page","link":"https:\/\/payasosdeguatemala.com\/tienda\/","title":{"rendered":"Tienda en L\u00ednea Payasos de Guatemala"},"content":{"rendered":"\n<p class=\"has-medium-font-size\">Ponemos a tu disposici\u00f3n nuestra tienda en l\u00ednea donde podr\u00e1s ver todos los servicios que tenemos disponible para la realizaci\u00f3n de tu evento.  <\/p>\n\n\n\n\n","protected":false},"excerpt":{"rendered":"<p>Ponemos a tu disposici\u00f3n nuestra tienda en l\u00ednea donde podr\u00e1s ver todos los servicios que tenemos disponible para la realizaci\u00f3n de tu evento.<\/p>\n","protected":false},"author":1,"featured_media":0,"parent":0,"menu_order":0,"comment_status":"closed","ping_status":"closed","template":"template-homepage.php","meta":{"footnotes":""},"class_list":["post-117","page","type-page","status-publish","hentry"],"jetpack_sharing_enabled":true,"_links":{"self":[{"href":"https:\/\/payasosdeguatemala.com\/tienda\/wp-json\/wp\/v2\/pages\/117","targetHints":{"allow":["GET"]}}],"collection":[{"href":"https:\/\/payasosdeguatemala.com\/tienda\/wp-json\/wp\/v2\/pages"}],"about":[{"href":"https:\/\/payasosdeguatemala.com\/tienda\/wp-json\/wp\/v2\/types\/page"}],"author":[{"embeddable":true,"href":"https:\/\/payasosdeguatemala.com\/tienda\/wp-json\/wp\/v2\/users\/1"}],"replies":[{"embeddable":true,"href":"https:\/\/payasosdeguatemala.com\/tienda\/wp-json\/wp\/v2\/comments?post=117"}],"version-history":[{"count":13,"href":"https:\/\/payasosdeguatemala.com\/tienda\/wp-json\/wp\/v2\/pages\/117\/revisions"}],"predecessor-version":[{"id":479,"href":"https:\/\/payasosdeguatemala.com\/tienda\/wp-json\/wp\/v2\/pages\/117\/revisions\/479"}],"wp:attachment":[{"href":"https:\/\/payasosdeguatemala.com\/tienda\/wp-json\/wp\/v2\/media?parent=117"}],"curies":[{"name":"wp","href":"https:\/\/api.w.org\/{rel}","templated":true}]}}