{"id":346,"date":"2025-07-04T12:56:12","date_gmt":"2025-07-04T18:56:12","guid":{"rendered":"https:\/\/payasosdeguatemala.com\/tienda\/?post_type=product&#038;p=346"},"modified":"2026-03-20T15:37:02","modified_gmt":"2026-03-20T21:37:02","slug":"payaso-malabarista","status":"publish","type":"product","link":"https:\/\/payasosdeguatemala.com\/tienda\/producto\/payaso-malabarista\/","title":{"rendered":"PAYASO MALABARISTA"},"content":{"rendered":"<p>1 PAYASO MALABARISTA<br \/>\nDURACION 1:00 hora<\/p>\n<p>INCLUYE:<br \/>\nPresentacion del cumplea\u00f1er@<br \/>\nAyuda animar el canto del pastel<br \/>\nAmeniza la quiebra de la pi\u00f1ata<br \/>\nRealiza juegos y concursos<br \/>\nIncluye 20 globos,\u00a01 bocina amplificada, micr\u00f3fono y m\u00fasica infantil<br \/>\n<span style=\"font-weight: 400;\">Malabares c\u00f3micos interactuando con el p\u00fablico<\/span><span style=\"font-weight: 400;\"><br \/>\n<\/span><span style=\"font-weight: 400;\">Malabares con clavas, aros, pelotas, sombreros y diferentes objetos.<\/span><span style=\"font-weight: 400;\"><br \/>\n<\/span><span style=\"font-weight: 400;\">Malabares en rola rola<\/span><span style=\"font-weight: 400;\"><br \/>\n<\/span><span style=\"font-weight: 400;\">Malabares en monociclo<br \/>\nShow para todas las edades. Payasos profesionales con a\u00f1os de experiencia, no dicen malas palabras ni chistes en doble sentido<br \/>\n<\/span><span style=\"font-weight: 400;\">Valor Q950.00 Precio v\u00e1lido para la ciudad capital.\u00a0 Algunas \u00e1reas si aplica un peque\u00f1o recargo por traslado del payaso dependiendo para donde lo desee.\u00a0<\/span><\/p>\n","protected":false},"excerpt":{"rendered":"<p>1 PAYASO MALABARISTA DURACION 1:00 hora INCLUYE: Presentacion del cumplea\u00f1er@ Ayuda animar el canto del pastel Ameniza la quiebra de la pi\u00f1ata Realiza juegos y concursos Incluye 20 globos,\u00a01 bocina amplificada, micr\u00f3fono y m\u00fasica infantil Malabares c\u00f3micos interactuando con el p\u00fablico Malabares con clavas, aros, pelotas, sombreros y diferentes objetos. Malabares en rola rola Malabares [&hellip;]<\/p>\n","protected":false},"featured_media":347,"comment_status":"open","ping_status":"closed","template":"","meta":[],"product_brand":[],"product_cat":[20],"product_tag":[],"class_list":{"0":"post-346","1":"product","2":"type-product","3":"status-publish","4":"has-post-thumbnail","6":"product_cat-animacion-infantil","8":"first","9":"instock","10":"shipping-taxable","11":"purchasable","12":"product-type-simple"},"jetpack_sharing_enabled":true,"_links":{"self":[{"href":"https:\/\/payasosdeguatemala.com\/tienda\/wp-json\/wp\/v2\/product\/346","targetHints":{"allow":["GET"]}}],"collection":[{"href":"https:\/\/payasosdeguatemala.com\/tienda\/wp-json\/wp\/v2\/product"}],"about":[{"href":"https:\/\/payasosdeguatemala.com\/tienda\/wp-json\/wp\/v2\/types\/product"}],"replies":[{"embeddable":true,"href":"https:\/\/payasosdeguatemala.com\/tienda\/wp-json\/wp\/v2\/comments?post=346"}],"wp:featuredmedia":[{"embeddable":true,"href":"https:\/\/payasosdeguatemala.com\/tienda\/wp-json\/wp\/v2\/media\/347"}],"wp:attachment":[{"href":"https:\/\/payasosdeguatemala.com\/tienda\/wp-json\/wp\/v2\/media?parent=346"}],"wp:term":[{"taxonomy":"product_brand","embeddable":true,"href":"https:\/\/payasosdeguatemala.com\/tienda\/wp-json\/wp\/v2\/product_brand?post=346"},{"taxonomy":"product_cat","embeddable":true,"href":"https:\/\/payasosdeguatemala.com\/tienda\/wp-json\/wp\/v2\/product_cat?post=346"},{"taxonomy":"product_tag","embeddable":true,"href":"https:\/\/payasosdeguatemala.com\/tienda\/wp-json\/wp\/v2\/product_tag?post=346"}],"curies":[{"name":"wp","href":"https:\/\/api.w.org\/{rel}","templated":true}]}}