{"id":392,"date":"2025-07-12T11:44:56","date_gmt":"2025-07-12T17:44:56","guid":{"rendered":"https:\/\/payasosdeguatemala.com\/tienda\/?post_type=product&#038;p=392"},"modified":"2025-07-12T12:09:07","modified_gmt":"2025-07-12T18:09:07","slug":"zanqueros-para-activaciones-btl","status":"publish","type":"product","link":"https:\/\/payasosdeguatemala.com\/tienda\/producto\/zanqueros-para-activaciones-btl\/","title":{"rendered":"ZANQUEROS PARA ACTIVACIONES BTL"},"content":{"rendered":"<p>2 ZANQUEROS PROFESIONALES<\/p>\n<p>Nuestros zanqueros profesionales son perfectos para generar impacto visual, captar la atenci\u00f3n del p\u00fablico y reforzar la presencia de tu marca en puntos de venta, calles, plazas comerciales o eventos promocionales.<br \/>\nZanqueros con vestuarios llamativos.\u00a0 Los zanqueros interact\u00faan con los clientes, reparten volantes, posan para fotos y animan el ambiente, generando cercan\u00eda y recordaci\u00f3n de marca.<br \/>\nIdeal para:<br \/>\nSupermercados<br \/>\nRestaurantes de comida r\u00e1pida<br \/>\nTiendas por departamento<br \/>\nLanzamientos de productos<br \/>\nFerias y eventos comerciales<\/p>\n<p>Duraci\u00f3n 1 hora Q1200.00 m\u00e1s 12% de IVA.<br \/>\nPrecios v\u00e1lidos para la ciudad capital, algunas \u00e1reas aplica recargo por traslado de los zanqueros.<\/p>\n","protected":false},"excerpt":{"rendered":"<p>\u00a1Atrae todas las miradas con nuestros zanqueros para activaciones BTL!<\/p>\n","protected":false},"featured_media":393,"comment_status":"open","ping_status":"closed","template":"","meta":[],"product_brand":[],"product_cat":[22],"product_tag":[],"class_list":{"0":"post-392","1":"product","2":"type-product","3":"status-publish","4":"has-post-thumbnail","6":"product_cat-publicidad","8":"first","9":"instock","10":"shipping-taxable","11":"purchasable","12":"product-type-simple"},"jetpack_sharing_enabled":true,"_links":{"self":[{"href":"https:\/\/payasosdeguatemala.com\/tienda\/wp-json\/wp\/v2\/product\/392","targetHints":{"allow":["GET"]}}],"collection":[{"href":"https:\/\/payasosdeguatemala.com\/tienda\/wp-json\/wp\/v2\/product"}],"about":[{"href":"https:\/\/payasosdeguatemala.com\/tienda\/wp-json\/wp\/v2\/types\/product"}],"replies":[{"embeddable":true,"href":"https:\/\/payasosdeguatemala.com\/tienda\/wp-json\/wp\/v2\/comments?post=392"}],"wp:featuredmedia":[{"embeddable":true,"href":"https:\/\/payasosdeguatemala.com\/tienda\/wp-json\/wp\/v2\/media\/393"}],"wp:attachment":[{"href":"https:\/\/payasosdeguatemala.com\/tienda\/wp-json\/wp\/v2\/media?parent=392"}],"wp:term":[{"taxonomy":"product_brand","embeddable":true,"href":"https:\/\/payasosdeguatemala.com\/tienda\/wp-json\/wp\/v2\/product_brand?post=392"},{"taxonomy":"product_cat","embeddable":true,"href":"https:\/\/payasosdeguatemala.com\/tienda\/wp-json\/wp\/v2\/product_cat?post=392"},{"taxonomy":"product_tag","embeddable":true,"href":"https:\/\/payasosdeguatemala.com\/tienda\/wp-json\/wp\/v2\/product_tag?post=392"}],"curies":[{"name":"wp","href":"https:\/\/api.w.org\/{rel}","templated":true}]}}