{"id":84,"date":"2019-07-26T21:19:35","date_gmt":"2019-07-26T21:19:35","guid":{"rendered":"http:\/\/payasosdeguatemala.com\/tienda\/?post_type=product&#038;p=84"},"modified":"2023-11-23T11:58:16","modified_gmt":"2023-11-23T17:58:16","slug":"show-de-titeres","status":"publish","type":"product","link":"https:\/\/payasosdeguatemala.com\/tienda\/producto\/show-de-titeres\/","title":{"rendered":"show de titeres"},"content":{"rendered":"<p>Artista encargado, teatrino y sonido.<br \/>\nEl artista realiza diferentes obras infantiles interactuando con los presentes.<br \/>\nCanta gran variedad de canciones infantiles con los ni\u00f1os.<br \/>\nLos t\u00edteres interact\u00faan con los ni\u00f1os presentes para hacer\u00a0 tu actividad m\u00e1s emotiva y alegre la duraci\u00f3n es de 1:00 hora.<\/p>\n<p>Artista capacitado y con experiencia<\/p>\n<p>&nbsp;<\/p>\n","protected":false},"excerpt":{"rendered":"<p>titeres show alegre y entretenido<\/p>\n","protected":false},"featured_media":277,"comment_status":"open","ping_status":"closed","template":"","meta":[],"product_brand":[],"product_cat":[20],"product_tag":[],"class_list":{"0":"post-84","1":"product","2":"type-product","3":"status-publish","4":"has-post-thumbnail","6":"product_cat-animacion-infantil","8":"first","9":"instock","10":"shipping-taxable","11":"purchasable","12":"product-type-simple"},"jetpack_sharing_enabled":true,"_links":{"self":[{"href":"https:\/\/payasosdeguatemala.com\/tienda\/wp-json\/wp\/v2\/product\/84","targetHints":{"allow":["GET"]}}],"collection":[{"href":"https:\/\/payasosdeguatemala.com\/tienda\/wp-json\/wp\/v2\/product"}],"about":[{"href":"https:\/\/payasosdeguatemala.com\/tienda\/wp-json\/wp\/v2\/types\/product"}],"replies":[{"embeddable":true,"href":"https:\/\/payasosdeguatemala.com\/tienda\/wp-json\/wp\/v2\/comments?post=84"}],"wp:featuredmedia":[{"embeddable":true,"href":"https:\/\/payasosdeguatemala.com\/tienda\/wp-json\/wp\/v2\/media\/277"}],"wp:attachment":[{"href":"https:\/\/payasosdeguatemala.com\/tienda\/wp-json\/wp\/v2\/media?parent=84"}],"wp:term":[{"taxonomy":"product_brand","embeddable":true,"href":"https:\/\/payasosdeguatemala.com\/tienda\/wp-json\/wp\/v2\/product_brand?post=84"},{"taxonomy":"product_cat","embeddable":true,"href":"https:\/\/payasosdeguatemala.com\/tienda\/wp-json\/wp\/v2\/product_cat?post=84"},{"taxonomy":"product_tag","embeddable":true,"href":"https:\/\/payasosdeguatemala.com\/tienda\/wp-json\/wp\/v2\/product_tag?post=84"}],"curies":[{"name":"wp","href":"https:\/\/api.w.org\/{rel}","templated":true}]}}